 common divisor of 156070970 and 22?
22
Calculate the highest common factor of 1494130 and 435455.
3995
What is the highest common divisor of 308175992 and 94?
94
Calculate the greatest common factor of 150 and 30898950.
150
Calculate the greatest common divisor of 867880 and 15346455.
8345
Calculate the highest common factor of 831 and 112804926.
831
Calculate the greatest common divisor of 2877490 and 108955.
385
Calculate the highest common factor of 623 and 2776177.
89
What is the greatest common divisor of 584681 and 130237?
2771
What is the greatest common factor of 1672 and 14981296?
88
Calculate the greatest common factor of 7945600 and 955.
955
What is the highest common divisor of 2140975 and 1250?
25
Calculate the highest common divisor of 1157464 and 4312.
616
Calculate the highest common factor of 283702771 and 88.
11
What is the greatest common divisor of 44117822 and 238?
238
Calculate the highest common divisor of 22 and 249602089.
11
What is the highest common divisor of 240030658 and 56?
14
Calculate the highest common factor of 299014 and 799.
47
What is the greatest common divisor of 500015066 and 214?
214
Calculate the highest common divisor of 90 and 61468110.
90
Calculate the highest common divisor of 2900089 and 1345.
269
Calculate the highest common factor of 4346 and 4205206.
82
Calculate the greatest common divisor of 119805 and 7042415.
815
Calculate the greatest common factor of 16988 and 512182.
62
Calculate the greatest common divisor of 90 and 251001.
9
Calculate the highest common factor of 106 and 7616259.
53
Calculate the greatest common divisor of 104 and 379866500.
52
What is the highest common factor of 51270 and 2650410?
30
What is the greatest common factor of 586827000 and 125?
125
What is the highest common divisor of 186104 and 17701520?
4328
Calculate the highest common factor of 1738247 and 219163.
1673
What is the highest common factor of 246514 and 344908?
1058
Calculate the highest common divisor of 4973064 and 20121.
1059
What is the highest common divisor of 695900252 and 568?
284
Calculate the highest common divisor of 40 and 20856280.
40
Calculate the highest common divisor of 826 and 2031488.
118
Calculate the highest common divisor of 31600600 and 160.
40
What is the highest common divisor of 7440 and 130615?
5
Calculate the highest common factor of 1850524 and 12844.
988
What is the highest common factor of 1012 and 33224213?
253
What is the greatest common factor of 783419 and 1001?
91
What is the highest common factor of 48 and 88250760?
24
What is the highest common divisor of 12209 and 8157004?
29
Calculate the greatest common factor of 2149305 and 30.
15
Calculate the greatest common divisor of 768 and 33561.
3
What is the greatest common divisor of 45774 and 501012?
18
Calculate the highest common factor of 597340387 and 2165.
433
What is the highest common divisor of 361544 and 64111?
1051
What is the greatest common factor of 7600 and 22436?
4
What is the greatest common factor of 11375651 and 1135?
227
What is the highest common factor of 7 and 268393706?
7
Calculate the highest common divisor of 1244580 and 90.
30
What is the highest common divisor of 4216 and 48778066?
1054
Calculate the greatest common divisor of 52585 and 28535.
65
Calculate the highest common divisor of 32240 and 7193680.
1040
Calculate the greatest common divisor of 692 and 435388062.
346
What is the highest common factor of 3903606 and 56511?
4347
What is the highest common factor of 1026 and 112279797?
513
Calculate the highest common factor of 24168 and 3089400.
456
What is the greatest common divisor of 44056 and 10578947?
5507
Calculate the highest common divisor of 12 and 561207.
3
What is the highest common factor of 4337498 and 330?
22
What is the greatest common divisor of 36538644 and 204?
204
Calculate the highest common divisor of 207875180 and 60.
20
Calculate the greatest common factor of 7156 and 126144.
4
Calculate the highest common factor of 19825 and 950625.
325
What is the highest common divisor of 693 and 59661?
63
What is the greatest common divisor of 5623371 and 12025?
481
Calculate the highest common factor of 251286 and 810495.
651
Calculate the highest common factor of 67386 and 52536.
66
Calculate the greatest common factor of 10780 and 166867932.
2156
What is the highest common divisor of 3422708 and 236?
236
Calculate the greatest common factor of 24549 and 311121.
501
Calculate the highest common factor of 24564 and 599748.
276
What is the highest common divisor of 2204 and 2617656?
116
What is the highest common divisor of 14096 and 451888?
16
Calculate the greatest common divisor of 4085124 and 25728.
804
Calculate the greatest common divisor of 14 and 3366337548.
14
What is the highest common factor of 47869560 and 800?
40
Calculate the greatest common divisor of 3963 and 284523.
3
What is the highest common factor of 19 and 93060803?
19
What is the greatest common divisor of 223572 and 263748?
372
Calculate the highest common factor of 62 and 684852248.
62
What is the greatest common divisor of 4510 and 333320570?
4510
Calculate the highest common factor of 780708 and 2494.
86
Calculate the highest common divisor of 14766 and 11545839.
69
What is the greatest common divisor of 634368 and 3444?
84
Calculate the highest common divisor of 210715 and 4817635.
335
What is the greatest common factor of 954395 and 4615?
65
What is the highest common factor of 729 and 136951398?
729
What is the highest common divisor of 517714 and 188742?
758
What is the highest common divisor of 122132075 and 8450?
4225
What is the greatest common factor of 449690 and 32853?
233
What is the greatest common factor of 395966275 and 575?
575
What is the greatest common divisor of 424096 and 59392?
928
Calculate the highest common factor of 7555198 and 1064.
266
Calculate the highest common divisor of 3213 and 137403.
189
What is the highest common factor of 1257 and 133547451?
1257
What is the greatest common divisor of 17155 and 2082335?
235
Calculate the greatest common factor of 112117538 and 137852.
6266
What is the greatest common factor of 8211 and 29184631?
2737
Calculate the highest common factor of 12 and 3549400.
4
What is the greatest common divisor of 8392 and 2697411188?
4196
What is the highest common factor of 849444 and 131208?
852
What is the highest common factor of 2395442 and 5614?
14
Calculate the highest common factor of 24336 and 78120081.
1521
Calculate the greatest common divisor of 16464630 and 3255.
105
What is the highest common divisor of 127570 and 250?
10
What is the highest common divisor of 193621512 and 216?
24
Calculate the highest common factor of 297 and 7317574.
11
Calculate the greatest common factor of 366 and 432834711.
183
Calculate the greatest common factor of 2765430 and 90.
90
What is the highest common factor of 1484740 and 15860?
1220
Calculate the greatest common divisor of 32196 and 233472.
12
Calculate the highest common factor of 91027921 and 61.
61
Calculate the highest common divisor of 986180 and 219180.
260
Calculate the highest common factor of 298737 and 342.
171
Calculate the highest common divisor of 38 and 48709274.
38
What is the highest common factor of 15444 and 77441364?
5148
Calculate the highest common divisor of 16308957 and 48321.
1239
Calculate the highest common factor of 9898 and 43129898.
98
What is the greatest common divisor of 4905120 and 138720?
480
What is the highest common divisor of 988 and 325793?
247
What is the greatest common divisor of 9472 and 3045914?
74
Calculate the greatest common divisor of 56329871 and 559.
559
Calculate the highest common factor of 205849490 and 77.
77
Calculate the highest common divisor of 160 and 25738760.
40
Calculate the greatest common factor of 534474 and 387.
9
Calculate the greatest common factor of 970 and 1346166.
194
Calculate the highest common factor of 6144 and 1636272.
48
What is the greatest common factor of 2736 and 2000871?
171
What is the greatest common divisor of 1873 and 11588251?
1873
What is the greatest common divisor of 87552 and 50768?
304
What is the greatest common divisor of 1260 and 5899012?
28
Calculate the highest common divisor of 2173890 and 125955.
4